 0 = 44*j - 39*j - 2380. Suppose 11*f = 9*f + j. List the prime factors of f.
2, 7, 17
Suppose 7*n - 20 = 3*n. Suppose n*r + 0*r - 2*q = 408, 3*q = 3. Suppose h - 3*h = -r. What are the prime factors of h?
41
Suppose -1307 = -5*c - 4*o, -4*c - 9*o + 1024 = -13*o. List the prime factors of c.
7, 37
Suppose 336 + 246 = 3*x. Let s = 72 + x. What are the prime factors of s?
2, 7, 19
Let x(p) = p**2 - 30*p + 104. What are the prime factors of x(30)?
2, 13
Suppose 397 = r - 2*o, -5*o + 14 + 1 = 0. What are the prime factors of r?
13, 31
Let v be (-12)/30 + 4/10. Suppose -b + 5*b - 8 = v. Suppose 2*r - 26 = -y, b*y - 4*r + 34 = 3*y. List the prime factors of y.
2, 3
Let l(t) = -t**2 + t + 1. Let o(q) = 24*q**2 + 5*q + 2. Let b(j) = -3*l(j) + o(j). List the prime factors of b(1).
2, 7
Let m(d) be the second derivative of d**4/4 - 4*d**3/3 + 3*d**2/2 - 8*d. List the prime factors of m(4).
19
Let m(y) = -2*y**3 + y**2 - 3*y + 5. List the prime factors of m(-4).
7, 23
Let y = 512 - 254. List the prime factors of y.
2, 3, 43
Let t(r) = -5*r**3 + 7*r**2 + 8*r - 27. List the prime factors of t(-6).
3, 419
Let q = 54 - 50. Suppose -2*y + 146 = 2*m + m, -m = q*y - 312. List the prime factors of y.
79
Let f(l) = l**2 - 21*l + 97. What are the prime factors of f(32)?
449
Suppose 2*q - 6*q + 5*t + 88 = 0, -5*t + 20 = 0. What are the prime factors of q?
3
Suppose 7*q = -4 + 32. Suppose -q*f + 5*v - v = -424, -5*v + 318 = 3*f. List the prime factors of f.
2, 53
Suppose -2*n = -5*w - 5*n + 876, -2*n = 2*w - 348. Let l = w + -120. List the prime factors of l.
3, 19
Let u(s) = -4*s + 5. Let f be u(6). Suppose 3*v - 129 = -0*v. Let w = v + f. What are the prime factors of w?
2, 3
Let r = -119 + 123. Suppose 2*o = -3*b + 729, 4*b - 729 = b + r*o. What are the prime factors of b?
3
Let b be (-4 + 10)/(-2 - 0). What are the prime factors of (39/b)/(-5 - -4)?
13
Let n be 0*(-3)/9 + -1. Let d be (-4)/(-6) + (-1)/(-3). List the prime factors of (-51 + 3 + d)*n.
47
Suppose -11*i + 17*i - 18 = 0. Suppose -i*t + 451 = -128. What are the prime factors of t?
193
Let u(p) be the second derivative of -p**5/20 + 5*p**4/3 - 19*p**3/6 + 15*p**2/2 - 18*p. What are the prime factors of u(19)?
3, 5
Let r be 1 - (-1 + 1) - 16. Let v be 16/8 - (2 + -1). What are the prime factors of ((-6)/r)/(v/30)?
2, 3
Let b(w) = -705*w - 5. List the prime factors of b(-5).
2, 5, 11
Let i(s) = 4*s + 20. Let r be i(-6). List the prime factors of (-1 - 2)*((-534)/18 - r).
7, 11
Suppose -104*z = -102*z, -5*m + 10520 = -5*z. List the prime factors of m.
2, 263
Suppose 6*c = -1992 + 6318. List the prime factors of c.
7, 103
Let o be (12/10 - 1) + 120/25. Suppose -o*n - 236 = -2*f, f - 4*n + 61 = 185. List the prime factors of f.
2, 3
Suppose -4*q - 4*n = -324, 0*n = 3*q + n - 237. Suppose -5*v - 292 = -3*f + q, 2*f - v = 249. What are the prime factors of f?
5
Let r(n) = -n**3 + 8*n**2 + 7*n - 7. Let d be 3/((-6)/(-4)) - 65/(-13). What are the prime factors of r(d)?
7, 13
Suppose 0 = -3*a - 4*t - 55, 0*t + 32 = -4*a + 5*t. Let k = -1 + a. Let c = -5 - k. List the prime factors of c.
3
Let a be -8 + 19/(76/(-16)). Let k(g) = 4*g**2 - 2*g. Let w be k(2). What are the prime factors of ((-27)/a)/(w/416)?
2, 3, 13
Let k = 27 + -22. Suppose 3*f - k*n + 386 = 1093, -2*f = -4*n - 470. What are the prime factors of f?
239
Let i = 35 - 32. Suppose -i*r - 89 = -4*r. List the prime factors of r.
89
Suppose 2*j + 2*j = -48. Let t be (-2)/(-8)*(-4 - j). Suppose 3*r - 22 = u + u, r + t = 3*u. What are the prime factors of r?
2, 5
Let f be 12/6*(-5)/2. List the prime factors of (f/5 - 4) + 174.
13
Let h = -2373 + 4647. List the prime factors of h.
2, 3, 379
Let i be (-2 + -1 + 3)/(-2). Suppose q + 2*q - 3*j - 3 = i, 0 = 2*j. Suppose 55 = 2*y - q. What are the prime factors of y?
2, 7
Let y(x) = -1024*x + 54. What are the prime factors of y(-2)?
2, 1051
Let v be (-1 - 9/(-6))*(4 + -10). List the prime factors of 23*4*v/(-2).
2, 3, 23
Suppose 45*d - 20471 - 3064 = 0. List the prime factors of d.
523
List the prime factors of (3621/(6/2))/(6 + -5).
17, 71
Suppose 3*s + c = 17, -2*c = -3*s + 6 + 5. Suppose 0 = -h, v - s*v = 2*h - 36. List the prime factors of v.
3
Suppose z - 45 = -2*z. List the prime factors of -15*((-70)/z + -2).
2, 5
Let g be (-3)/12 + (-41)/(-4). Suppose 5*c + g = 5*v, v + 3*c - 14 = -v. Suppose v*l = -5*m - 7, 2*l - 3*l = -4*m - 14. List the prime factors of l.
2
Let m = 2 - -5. Let d = 33 - m. Suppose 2*v - 12 = d. List the prime factors of v.
19
Let j be -11 + -116 - (-2)/2. List the prime factors of 6/14 + (-3978)/j.
2
Let a(y) = -2*y**3 - 7*y**2 - 16*y - 38. List the prime factors of a(-5).
3, 13
Suppose -13*q = -8*q - 135. Suppose -j + 21 = -q. List the prime factors of j.
2, 3
Let c be 252/(-7)*(-4)/(-6). List the prime factors of (15/6 - 3)*c.
2, 3
Let l = 5 + -3. Suppose -2*j + 14 = w, l*j - 5*w = -3*j + 5. Suppose -3*x + 155 = j*h, 2*x - 3*x - h = -55. What are the prime factors of x?
2, 3, 5
Let u be (0 - -83) + -1 - -2. Suppose 10*i = 8*i + u. Suppose 5*h - i = 2*h. What are the prime factors of h?
2, 7
Suppose 2*u = -3*g + 5*g + 4, 28 = 5*u + 4*g. Suppose u*q = 70 - 226. List the prime factors of (-52)/q*(15 - 0).
2, 5
Let c(m) be the third derivative of -m**5/30 - m**3/3 + m**2. Let k be c(-2). What are the prime factors of ((-18)/k)/(10/50)?
3
Suppose 0 = -60*g + 66*g - 8034. What are the prime factors of g?
13, 103
Suppose 4*b = -z - 8, 3*b + 3 = -3*z - 2*b. Suppose 5*g = z*g - 23. Let q = -5 - g. What are the prime factors of q?
2, 3
Let a = 553 + 69. What are the prime factors of a?
2, 311
List the prime factors of 5/(-6)*(-816 + 30).
5, 131
Let u = 173 - -15. Suppose 0 = 4*t - 5*b - 338, -3*b + u + 79 = 3*t. What are the prime factors of t?
3, 29
Let f be ((-6 - 0)*1)/(-22 - -20). Suppose -5*d = -b + 191 - 49, f*d = -3*b + 444. List the prime factors of b.
3, 7
Suppose 3*h = 3, 4*h = -5*m + 2*m + 76. Suppose 21*s = m*s - 600. List the prime factors of s.
2, 5
Suppose -2*a + 7*n + 1088 = 4*n, 3*a = -5*n + 1651. What are the prime factors of a?
547
Suppose 0*q - 50 = -5*q - 5*k, -4*q + 52 = k. Suppose -q*b = -1042 + 216. List the prime factors of b.
59
Suppose 4*n - 45 = -5*l, 0*l - 18 = -2*l - 3*n. Suppose 4*w + 5*a - 23 = 0, 2*w + 5*a = 5*w + l. List the prime factors of w.
2
Let q(j) = 0*j**2 + 2*j**3 - 4*j**2 - 2*j + 2 + 7*j**2 - 4*j. Let r be q(-5). Let t = 211 + r. What are the prime factors of t?
2, 17
Let v(x) = 80*x - 243. List the prime factors of v(10).
557
Let j be 12/1*(-2 - -1). Let t be 1/((-4)/j) + 0. Suppose -t*s - 4*w + 101 = 0, 3*s = 2*w + w + 66. List the prime factors of s.
3
Let s(j) = -j**3 + 13*j**2 - 17*j + 20. Let q = 14 + -6. Suppose q + 3 = n. What are the prime factors of s(n)?
3, 5
What are the prime factors of (-9)/(-1) + 11124/9?
3, 5, 83
Let n(i) = -2*i**3 - 3*i**2 - 5*i - 17. Let p(r) = -r**2 - 2*r + 4. Let o be p(2). What are the prime factors of n(o)?
83
Suppose -m = -9 - 2. Let q = 5 + m. Suppose 0 = -3*r - w + q, w + 15 + 18 = 4*r. List the prime factors of r.
7
Let l(c) = -c - 3. Let s be l(-6). What are the prime factors of s/(3/146) - (-1 - -1)?
2, 73
Let v be (10 + -5 + 702)*4/(-2). What are the prime factors of 2/12 + v/(-12) + 3?
11
Suppose -73*s + 45794 = -362568. What are the prime factors of s?
2, 2797
Let f(u) = -13*u. Let d be f(15). List the prime factors of d*(0 - 1/3).
5, 13
Let m be ((-90)/36)/(2/8). Let x be 1160/25 - (-4)/m. Suppose 3*v + 218 = 5*u, 2*v - 81 = -3*u + x. List the prime factors of u.
43
Let p = 26 + -28. What are the prime factors of ((-6)/(-12))/(p/(-412))?
103
Let f(r) = -2*r + 6. Let g be f(3). Suppose g = 19*a - 16*a - 39. What are the prime factors of a?
13
Let h(v) be the first derivative of 4/3*v**3 - 2*v**2 + 0*v + 9. List the prime factors of h(3).
2, 3
Let s(d) = 0*d + 23 - 6*d**2 + 8*d + d**3 - 18*d. What are the prime factors of s(7)?
2
Let i be ((-12)/9)/((-4)/96). Let y(n) = 23*n. Let g be y(5). Suppose 4*m + f = g, 2*m + 3*f + i = 3*m. What are the prime factors of m?
29
Let o(q) be the third derivative of q**5/60 + q**4/8 - 2*q**3/3 - 7*q**2. List the prime factors of o(7).
2, 3, 11
Let w(m) = m**3 - 8*m**2 - 11*m + 40. What are the prime factors of w(14)?
2, 3, 59
Suppose -3*f - 5*g + 5965 = 150, -4*